5). Let j(m) = -31*m - 1. What is the remainder when d is divided by j(n)?
28
Suppose -2*g + 8 = -g. Calculate the remainder when (-4 - 136/(-32)) + 201/12 is divided by g.
1
Suppose 0 = 47*c - 36*c - 220. Calculate the remainder when c is divided by 6.
2
Let a = 964 - 577. What is the remainder when a is divided by 13?
10
Let a(t) = -3*t**2 + 3*t - 5. Suppose -3*q = 3*q - 12. Let s be a(q). What is the remainder when 2/s + (-884)/(-22) is divided by 14?
12
Let t(n) = n**3 - n**2 + 7*n - 14. Calculate the remainder when 28 is divided by t(2).
0
Let i = -165 + 304. What is the remainder when i is divided by 24?
19
Suppose 5*z + 14 = 4*s + 40, -5*z - 3*s - 2 = 0. Let r(f) = 6*f**3 + f**2 + 2. Let q = 26 - 7. What is the remainder when r(z) is divided by q?
16
Suppose -h + 204 = 3*d, -252 = -2*h + 2*d + 140. Suppose 0 = -8*v + h + 266. What is the remainder when v is divided by 30?
28
Let z = -657 - -682. Suppose -y + 4 = -3. Calculate the remainder when z is divided by y.
4
Let t(s) = s**2 + 2*s**3 - 2 - 3*s + 0*s - 3*s**2 + 0*s. Calculate the remainder when t(3) is divided by 13.
12
Let x = -518 - -604. Calculate the remainder when x is divided by 18.
14
Let o = -2 - 8. Let g = -3 - o. Let t(q) = -2*q**2 + 58*q + 18. Calculate the remainder when t(29) is divided by g.
4
Suppose -26 = -u - 5*b, 33 = 3*u + 3*b - 21. Suppose 7*c - 3*c - u = 0. Suppose c*a = -d + 23 - 1, 3*d - a = 27. What is the remainder when d is divided by 4?
2
Suppose 0 = -2*g - 3*z + 68, g = z + 29 + 15. What is the remainder when 152 is divided by g?
32
Suppose 3*s + 4 = 5*s. Suppose 2*l - 58 = -s. What is the remainder when 193 is divided by l?
25
Suppose 4*w + 4*k = 16, 0 = -5*w - k + 21 - 1. Suppose 3*a + 2*g = 5*a - 12, 3*a - 4*g - 21 = 0. Calculate the remainder when a is divided by 6*(w - 28/8).
0
Let q(f) = -f**2 + f - 1. Let m(d) = -7*d**2 + 18*d - 13. Let b(p) = m(p) - 6*q(p). What is the remainder when 23 is divided by b(10)?
10
Calculate the remainder when (-109)/(-2)*(-3 + 15/3) is divided by 19.
14
Suppose 3*s - 3 + 5 = 2*f, 2*s - 4*f = 4. Let v = 44 + -38. What is the remainder when ((-5)/10)/(s/40) is divided by v?
4
Suppose 0 = 30*c - 26*c - 88. Suppose 0 = -0*y - 5*y - 25. Calculate the remainder when c is divided by y/(-20) + (-47)/(-4).
10
Suppose -6*o + 3*o + 70 = -2*u, -o - 3*u = -38. Calculate the remainder when (0 - (304/(-6))/4)*6 is divided by o.
24
Suppose -5*i - 4 = 2*b - 33, i = -4*b + 13. What is the remainder when 21 is divided by -9 + i - (-24)/2?
5
Let a(i) = -i**3 + 6*i**2 + 8*i - 6. Let d be a(7). Suppose -5*p + 43 = -42. What is the remainder when p is divided by 2 - 0 - (-4 + d)?
2
Let y = -46 - -191. What is the remainder when y is divided by 25?
20
Let f be (-9)/(-15) + 38/(-5). Let p = 3 - f. Let g = -227 + 264. Calculate the remainder when g is divided by p.
7
Suppose 7*c + 4*c = 396. What is the remainder when c is divided by 20?
16
Suppose -h = -3*g + 117, 5*g - 81 = 4*h + 114. Calculate the remainder when 90 is divided by g.
12
Let c(v) = 13*v + 368. What is the remainder when c(-26) is divided by 7?
2
Suppose 3*z - 149 = -4*h, 3*h - 243 = -4*z - 56. Let x = -732 - -744. What is the remainder when z is divided by x?
7
Calculate the remainder when 192 - 2 - (10 - 10) is divided by 33.
25
Let r(c) = -2*c + 5*c - 4 + 2 - 5*c. Let y be r(-6). Suppose y*w - 5*w = 50. What is the remainder when 19 is divided by w?
9
Suppose -4*t - l = -78, 5*l + 5 = -5. Suppose 2*q + 13 = -d + 164, -5*d = -5*q + 415. What is the remainder when q is divided by t?
18
What is the remainder when 138236/196 - 2/7 is divided by 103?
87
Let n(y) = 52*y + 18. What is the remainder when n(1) is divided by 12?
10
Let z(x) = 6*x**2 - 37*x + 227. What is the remainder when z(14) is divided by 27?
21
Suppose -2*o + 8 = 0, -3*o + 2*o = -f + 16. Let g(z) be the third derivative of z**4/8 - z**3/2 + 12*z**2. What is the remainder when g(14) is divided by f?
19
Let v be (-2)/3*(-72)/16. Suppose 3*f + v + 0 = 0, 0 = h + 3*f - 14. Calculate the remainder when h is divided by 4.
1
Suppose -x + 29 = 2*y, -x = y + 2 - 29. Suppose 0 = 9*c + c - 60. Calculate the remainder when (1 + c/(-4))*-94 is divided by x.
22
Let x be 5/(-7) + 26/(-91). Let g(h) = -32*h**3 + h**2 + h. Calculate the remainder when g(x) is divided by 17.
15
Let p = -229 + 243. Calculate the remainder when (-2 - 2)*1*-10 is divided by p.
12
Suppose 0 = -2*b + 20 - 12. Suppose -b*h + 0*h + 912 = 0. What is the remainder when h is divided by 46?
44
Let d(y) = -2*y**2 - 23*y + 14. Let v(s) = 3*s**2 - 2*s - 12. Let c be v(0). Calculate the remainder when 9 is divided by d(c).
1
Suppose 3*s - 4*u - 52 = 22, -5 = u. What is the remainder when 27 is divided by s?
9
Let n(a) = a**2 + 5*a - 5. Let g be n(1). Let y = 10 + 31. Calculate the remainder when y is divided by (1/(-1))/g*-15.
11
Let z(b) = -2*b**3 + 22*b**2 - 17*b - 1. What is the remainder when 252 is divided by z(10)?
20
Let v(l) = 10*l + 6. Let q be v(-6). Suppose -r = -5, -981 = 4*g - 2*g + 3*r. What is the remainder when g/q + (-4)/18 is divided by 6?
3
Let t(s) = -s + 20. Calculate the remainder when ((-2)/(-3))/((-4)/(-138)) is divided by t(7).
10
Let m = 4066 - 4054. Suppose -2*u - 12 = -30. Calculate the remainder when m is divided by u.
3
Suppose 12*c + 116 - 1160 = 0. What is the remainder when c is divided by 15?
12
Suppose 0*i + 1375 = 11*i. Suppose -5*g + 5*h = -i, 5*h + 125 = 5*g + 4*h. What is the remainder when 97 is divided by g?
22
Suppose 411 = 7*o - 4*o. Suppose 47 = 8*f - o. What is the remainder when f is divided by 5?
3
Suppose -3 - 4 = 5*h + 3*t, 0 = -4*h + 4*t + 20. What is the remainder when 39 is divided by 0/(-4 + h) + (-20)/(-1)?
19
Suppose 0*j + 2*j = 30. Suppose -u + 2*u = j. Suppose -g + 2*v = -0*v, 2*v + 12 = 3*g. Calculate the remainder when u is divided by g.
3
What is the remainder when 287 is divided by (-2)/3 - (-4)/36*87?
8
Let r(u) = 48*u**2 - 2*u + 1. Calculate the remainder when 92 is divided by r(1).
45
Let n(l) = -2 + 7*l - 3*l**2 - 5 + 6*l**2. Let f(g) = -4*g**2 - 6*g + 8. Let o(j) = 2*f(j) + 3*n(j). What is the remainder when o(-12) is divided by 17?
14
Let l be -6 - (-3 + -9) - 3*1. Let t be 179 - (1 + -1*2). Suppose 4*x + 2*n = -l*n + 149, 5*n = -5*x + t. What is the remainder when x is divided by 11?
9
Calculate the remainder when ((-697)/(-17))/((-5)/(-10)) is divided by 23.
13
Suppose 983 + 2185 = 6*o. Suppose o = i + 7*i. Calculate the remainder when i is divided by 14.
10
Suppose 4*r = -3*t + 5 + 29, 48 = 3*t - 3*r. Let x(a) = 3*a**2. Let z be x(-1). Let u = z - -5. What is the remainder when t is divided by u?
6
Let b(n) = 6*n - 9. Calculate the remainder when 127 is divided by b(6).
19
Calculate the remainder when 184 is divided by (187/22)/(2/4).
14
Let h(t) = t**3 + 8*t**2 + 3*t - 10. Let f = -28 - -61. Calculate the remainder when f is divided by h(-7).
15
Suppose 3*s + l - 21 = 0, -s - 2*s = 2*l - 18. Suppose -3*c + 5*c = s. Suppose 39 = c*h - 17. Calculate the remainder when h is divided by 4.
2
Let c(z) = -z**3 + z**2 + 2. Let t = 2235 + -2234. Calculate the remainder when c(0) is divided by t.
0
What is the remainder when 15 is divided by (-10)/(-8) - (-2232)/288?
6
Let t(f) = -3*f + 6*f**2 + 2 + 0*f**2 - 5. Calculate the remainder when t(4) is divided by 17.
13
Let n(a) = a**3 + 21*a**2 - 70*a + 65. Calculate the remainder when 149 is divided by n(-24).
13
Suppose 4*w - 204 = -84. Let h be (6/2)/(w/40). Calculate the remainder when (h + -2 + -27)/(-1) is divided by 13.
12
Let z(p) be the second derivative of p**3/6 + p**2/2 + p. Let j = 37 + -34. Calculate the remainder when 9 is divided by z(j).
1
Let w be (2/(-4))/((-4)/(-48)). Let b = w - -10. Suppose b*r = 2*r + 26. Calculate the remainder when r is divided by 7.
6
Suppose -k + 2*j = -13, -3*k - k - 4*j = -28. Suppose 153 = -5*s + y, -2*y + k = 3. Calculate the remainder when 8 is divided by 3/2*s/(-9).
3
Suppose -839 + 59 = -20*q. What is the remainder when q is divided by 6?
3
Let b(r) = -r**3 - 5*r**2 - r + 7. Let y(f) = -f**2 - 2*f + 3. Let z be y(2). What is the remainder when (-1 + -1 - 0) + 47 is divided by b(z)?
9
Suppose 131 = q + 4*q - 3*n, -2*q + 60 = -5*n. What is the remainder when 40 is divided by q?
15
Suppose -3*s + 15 = -